se -k*p + 26 = -u. What is the greatest common factor of 9 and p?
9
Let m(b) = -3*b - 19. Let k be m(-13). Let w be (-5412)/(-30) + 6/(-15). Calculate the greatest common divisor of w and k.
20
Let x = 6 - 2. Let q be (-4)/6*(7 - 10). Suppose -5*d + 43 = q*b, -2*d + 72 = x*b - 22. Calculate the highest common factor of 3 and b.
3
Let s(m) be the third derivative of 5*m**4/8 - m**3/2 + 6*m**2. Let r be s(3). What is the greatest common divisor of r and 63?
21
Suppose 4*i - 8 = -2*l, -5*i - 3 - 2 = -5*l. Suppose -3*c + c = z - 2, 26 = 4*z - c. Suppose -5*j + z = -2*j. Calculate the highest common factor of j and l.
2
Let n = 2 - -14. Suppose -3*s = s - n. Suppose 2*p - s*p + 100 = 0. Calculate the greatest common divisor of 10 and p.
10
Suppose -1 = -3*i - 22. Let c be (-30)/(-7) + 2/i. What is the greatest common factor of c and 8?
4
Let f(c) = c - 5. Let v be f(5). Suppose -q - 3*q + 96 = v. Calculate the highest common divisor of q and 8.
8
Let p be (-2)/(-4) - 57/(-6). Let x = p + -6. Suppose -x*q - 6 = -7*q. Calculate the highest common factor of 16 and q.
2
Let h(a) = a + 15. Let m be h(-6). What is the greatest common factor of m and 18?
9
Suppose -8*k + 65 = -3*k. Suppose -2*c + 5*n - 20 + 5 = 0, 0 = -5*c + 2*n - 90. Let v be 8/c + (-524)/(-10). What is the greatest common factor of v and k?
13
Let z(p) = -2*p - 5. Let r be z(-5). Suppose 2*w = -2*c + 6, -c + 5*c + 2*w - 16 = 0. Calculate the greatest common factor of r and c.
5
Suppose -2*j - 2*j = -3*m - 76, -38 = -2*j - 3*m. What is the greatest common factor of j and 57?
19
Suppose -3*x + 9 = -9. Let o(s) = 7*s + 3. Let u be o(x). Calculate the highest common divisor of 30 and u.
15
Let l be ((-96)/2)/((-4)/6). Suppose 3*b + b = l. What is the greatest common divisor of b and 27?
9
Let k(g) = -g - 1. Let u be k(-5). Let t = u - -18. What is the greatest common factor of 88 and t?
22
Suppose 0 = l - 0*l - 126. What is the highest common factor of 14 and l?
14
Suppose -3*c = -4*x + c + 20, -2*x + 3 = 5*c. What is the highest common divisor of x and 1?
1
Suppose g + 0*g - 2 = 0. Suppose 4*z = 4*w + 100, -g*z + w + 33 + 13 = 0. Calculate the highest common divisor of z and 7.
7
Let k be 11 - (4 + -7 + 2 - 2). Calculate the greatest common divisor of k and 56.
14
Suppose 5*m = -2*d + 12 + 10, 0 = -5*d + 3*m - 7. Suppose o = 2*s + d + 4, s = -5*o + 69. What is the highest common divisor of 91 and o?
13
Suppose 4*x = 3*x + 21. Calculate the greatest common factor of 3 and x.
3
Suppose 8*a - 1267 = 1933. What is the highest common divisor of a and 16?
16
Let d = 24 + -16. Suppose -u + 46 + 18 = 3*k, -68 = -4*k + 3*u. Calculate the highest common factor of k and d.
4
Let x be 60/3 + 1 + 1. Let s be 7/(x/7 + -3). What is the highest common divisor of s and 7?
7
Suppose 0 = -2*m - 2, -2*l - 4*m - 260 = -4*l. What is the highest common divisor of l and 16?
16
Let r be -81*(-2)/4*(-16)/(-24). What is the greatest common divisor of 3 and r?
3
Let k(a) = -a**2 + 18*a + 10. Let n be k(18). What is the greatest common factor of n and 80?
10
Let a be ((-73)/(-4) - 2)*20. Suppose 2*v = -3*v + a. Let m(g) = 2*g**3 - g**2 + g - 1. Let l be m(2). Calculate the greatest common divisor of v and l.
13
Let o(m) = 0*m + 3 + 14*m**2 + m + 6*m**2 - 8*m**2. Let r be o(-3). What is the highest common factor of 12 and r?
12
Suppose -19*h = -17*h - 24. What is the greatest common factor of h and 8?
4
Let y be (8/(-5))/((-4)/160). Let g(f) = f**3 - 4*f**2 + 6*f. Let i be g(4). Let h = i + -16. What is the highest common divisor of y and h?
8
Suppose 6*a - 2*a - 8 = -2*s, 4*s - 4 = 4*a. What is the highest common factor of a and 6?
1
Suppose -2*k = 4*d - 74, 4*d - 5*k + 20 = 87. Let z be ((-18)/4)/(3/d). Let u = 38 + z. Calculate the highest common divisor of 99 and u.
11
Let w = -3 - -15. Let i = w + -3. Let t be (-42)/i*(-3)/2. What is the greatest common factor of t and 35?
7
Suppose -7*m = -11*m - 80. Let f be (-2)/8 + (-125)/m. What is the greatest common divisor of 66 and f?
6
Let n = 150 - 78. Calculate the highest common divisor of 8 and n.
8
Let r(g) = -g**3 + 4*g**2 - g - 5. Let i be r(5). Let p be (-585)/i - (-4)/14. What is the highest common factor of 187 and p?
17
Suppose 2*q = 6 + 10. Let x be -2 + 3 + (-2)/(-1). Let k be (5 - x)*-11*-4. Calculate the greatest common factor of q and k.
8
Suppose 8*k + 3*q = 5*k + 108, 152 = 4*k - 4*q. What is the highest common divisor of k and 37?
37
Let k = 177 + -141. What is the greatest common factor of k and 9?
9
Suppose 5*i - 20 = 0, i + 3*i = 4*t + 4. What is the highest common divisor of t and 21?
3
Suppose -4*n - 360 = -7*n. Calculate the highest common divisor of 12 and n.
12
Let j(r) = r**3 - 8*r**2 + 7*r - 13. Let h be j(9). Suppose -5*v + 2*b = -h - 247, 0 = -3*b + 3. Calculate the greatest common divisor of 19 and v.
19
Suppose -5*t + 15 = 2*z, -3*z = 3*t - 2*z - 8. Let b(q) = 84*q + 1. Let d be b(t). What is the highest common factor of d and 34?
17
Suppose -436 = -7*m + 19. Calculate the greatest common divisor of m and 39.
13
Let f(y) = 25*y - 11. Let a be f(8). What is the highest common divisor of 27 and a?
27
Let a = -6 - -35. What is the highest common divisor of a and 203?
29
Let q be 5*((-27)/(-5))/((-15)/(-10)). Let x(h) = h**2 - 7*h + 8. Let j be x(6). What is the greatest common factor of j and q?
2
Suppose -3*x = 2*p + 37, 3*p + 2 = x + 7. Let r = x + 28. What is the highest common divisor of r and 68?
17
Let x(l) be the first derivative of l**4/4 - 2*l**3 - 4*l**2 + 3*l - 2. Let a be x(7). Let y = a - -6. What is the greatest common divisor of 2 and y?
2
Suppose -2 = 3*i + 43. Let p = -3 - i. Calculate the greatest common divisor of 12 and p.
12
Suppose -2*u = 30 - 10. Let t(x) = -8 - 14*x + 1 + 12*x - x**2 - 9*x. Let g be t(u). Calculate the highest common divisor of g and 3.
3
Let m(w) = 2*w**3 - 13*w**2 - 3*w - 22. Let j be m(7). Let x(a) = 29*a + 1. Let t be x(1). Let n = t - 12. What is the greatest common factor of n and j?
6
Suppose 0 = 4*d + 161 + 451. Let f = d - -217. Let c be (-4)/12 - (-50)/6. Calculate the greatest common factor of f and c.
8
Let j be ((-24)/7)/(2/(-14)). Suppose -j = -b - 0*b. Suppose 3*g = 3*p + 57, -5*g + 2*p = -4*g - b. What is the greatest common factor of g and 28?
14
Suppose 5*h = -2*q + 1, 1 = 4*h - q - 5. Calculate the greatest common factor of 5 and h.
1
Suppose -r + 1 + 4 = 0. Suppose 0 = -r*x + 74 + 146. What is the greatest common factor of 4 and x?
4
Suppose 2*t = -0*t + 6. Suppose -t*i = 19 + 8. Let a be (i/4)/((-6)/32). Calculate the highest common factor of 18 and a.
6
Suppose 2*p + 3*p = 120. Let k be 0*(3 - 2) + p. Calculate the greatest common divisor of k and 60.
12
Let p(b) = -b**3 + 4*b**2 + 2*b - 2. Let q = -8 + 12. Let x be p(q). Let m be 159/x - (-2)/(-4). What is the highest common factor of 65 and m?
13
Let m(j) = j - 5. Let z be m(6). Let f be (-3 - -2) + 2 - z. Suppose -4*p + 22 + 10 = f. What is the highest common factor of p and 56?
8
Suppose 0 = 2*l - 2*w - 40 - 36, 4*w = l - 53. What is the highest common factor of 6 and l?
3
Let y = 189 - 184. Calculate the highest common factor of 105 and y.
5
Let m(l) = 3*l**2 - 3*l - 9. Let q be m(7). Let w = 187 - q. Suppose -22 = -3*t - 5*n - 0*n, 36 = 4*t + 5*n. Calculate the highest common factor of w and t.
14
Let f be (108/15)/(((-2)/5)/(-2)). What is the greatest common divisor of 18 and f?
18
Suppose -37 = -5*a - 207. Let n = a + 0. Let w = -6 - n. Calculate the highest common divisor of 7 and w.
7
Let t be 2/(-6) + (-385)/(-21). Let j be ((-88)/(-24))/(2/t). Calculate the greatest common factor of j and 22.
11
Let y = -65 - -113. What is the greatest common divisor of y and 36?
12
Suppose 5*j + 3*y - 73 = 0, y - 4*y + 3 = 0. Let c = j + -13. Let b = 5 + 4. Calculate the greatest common divisor of b and c.
1
Suppose -11*l + 423 - 49 = 0. What is the highest common divisor of l and 34?
34
Let w be (8/10)/((-1)/5). Let c be 4 + 4/(w/(-3)). Suppose -2*b - 4*j = -106, -2*j + j = -4*b + 194. What is the highest common factor of c and b?
7
Suppose 0*k + 3*k - 7 = -2*j, -3*k = -2*j + 1. Let s be 594/12*4/(-2). Let v be s/(-6) + 1/(-2). What is the highest common divisor of v and j?
2
Let o(a) = a. Suppose w = 3*q - 6*q + 4, 0 = -5*w - 